 highest common divisor of 31 and b.
31
Let p = 33 + -12. Let u be 1377/81 - (0/(-2) + -4). Calculate the greatest common factor of u and p.
21
Let n be (2 + -2)/3 - (-33 + 13). Calculate the highest common divisor of 140 and n.
20
Let r(i) = -277 + 137 - 5*i + 136. Let z be r(-1). What is the greatest common divisor of 13 and z?
1
Let x = -107 - -179. What is the greatest common divisor of x and 54?
18
Suppose 2*d - 5*f = 60 - 27, 5*d - 72 = 2*f. Calculate the highest common divisor of 16 and d.
2
Let k be (-160)/(-6) - 2/3. Let w = 86 + 19. Suppose v + v = -4*c + 32, -5*v + w = 5*c. What is the highest common factor of v and k?
26
Let i = 77 - 49. Calculate the greatest common divisor of 154 and i.
14
Let i = 11 + -9. Suppose -x = -3*m + 3, 2*x = -4*m + 20 + 4. What is the highest common factor of x and i?
2
Let m be (-2316)/(-60) - 3/5. Calculate the highest common divisor of 19 and m.
19
Let f(w) = -w**2 + 24*w - 20. Let z be f(22). What is the greatest common divisor of z and 32?
8
Let v = -13 - -41. Let i = 39 - v. Calculate the highest common factor of i and 88.
11
Suppose 16 = -2*y + 6*y. Let u = -62 - 16. Let g = 86 + u. What is the greatest common factor of y and g?
4
Let y = -1207 - -1225. What is the highest common divisor of 282 and y?
6
Let o(s) = -6*s**2 + 110*s + 5. Let u be o(18). Calculate the highest common divisor of u and 41.
41
Let w be 3/(((-3)/(-5))/3). Suppose 400 = 30*v + 220. What is the greatest common divisor of v and w?
3
Suppose -4 = -2*r + 3*b, 2*b + 3 = 4*r - 3*r. Let w be (300/8 - -7) + r/2. Calculate the highest common factor of 44 and w.
44
Let i = 309 + -296. Calculate the greatest common divisor of i and 624.
13
Let x be (3 - -8)/((-3 - -1) + 3). What is the highest common factor of x and 209?
11
Let g be 6/(-4)*(-64)/24. Suppose -q + 2*q - n - 268 = 0, -5*n + 1117 = g*q. What is the highest common divisor of 39 and q?
39
Let p(b) = -24*b - 9. Let y be p(-3). Suppose -2*m = -m - 5*z - 21, y = 3*m - 2*z. Calculate the greatest common divisor of m and 147.
21
Let q = 44 + -46. Let g be 1 - (-436)/(-8)*q. What is the highest common factor of 22 and g?
22
Let a be 136 + 2*21/(-6). Suppose 12 = -3*v, 4*v = -0*g - 4*g - 356. Let y = a + g. What is the highest common factor of y and 4?
4
Suppose -308*z = -306*z - 148. What is the greatest common factor of 814 and z?
74
Let u(p) = p**2 + 1 - 4 + 0 + p. Let d be u(-3). Suppose d*v - 3*y = v + 28, 3*y - 42 = -3*v. Calculate the highest common factor of 35 and v.
7
Let p = 97 + -92. Let o(h) = h + 22. Let g be o(-17). Calculate the greatest common factor of p and g.
5
Let r = -10 + 4. Let p(d) = d**2 - d + 18. Let q be p(r). What is the highest common divisor of 12 and q?
12
Suppose 0*s + 3*s = s. Suppose s = 5*t - 144 - 56. Calculate the highest common divisor of t and 10.
10
Suppose -30*m + 27*m = -9. Calculate the greatest common divisor of 8 and m.
1
Let r(q) = 15*q**2 + q + 4. Let a be r(-4). Suppose 2 = 2*d, 4*y - 35 = 3*d + 82. Calculate the highest common divisor of a and y.
30
Let k(c) = 2*c**2 + 9*c - 14. Let b be k(7). Suppose -17*s = -10*s - b. What is the greatest common factor of s and 21?
21
Let c be (-9 - -10) + 0 + 1. Suppose -182 = -4*y + c*v, 0 = -v - v + 6. Suppose -t = -73 - y. Calculate the greatest common factor of t and 48.
24
Let n = 15 - 10. Suppose n*s - 15 = 2*s. Let f(u) = -u**3 + 13*u**2 + 2*u - 16. Let y be f(13). What is the greatest common factor of y and s?
5
Let i(b) = 63*b - 18. Let g be i(5). Let x = g - 185. What is the greatest common divisor of 14 and x?
14
Suppose -4*y + p = -y - 14, -3*p = 2*y - 2. Let l be ((-52)/(-39))/(y/21). What is the highest common factor of l and 14?
7
Suppose -2*x + 4*t = -54, 3*x - 33 = -t + 83. Let u(i) = i**3 - 8*i**2 - 40*i + 8. Let f be u(13). Calculate the highest common divisor of x and f.
37
Suppose -16*x = -126 - 114. Let f be ((-4)/(-10))/((-2)/(-50)). What is the greatest common factor of f and x?
5
Let u = 139 - -2. What is the highest common factor of u and 3?
3
Let b be (-4)/16 - 1251/(-12). Let r = 176 - b. What is the greatest common divisor of 8 and r?
8
Suppose -4*k + 54 = 3*j, 3*k = 4*j + 2*k - 72. Suppose 4*m + 47 - 15 = 3*s, 4*s = -5*m + 53. What is the greatest common divisor of s and j?
6
Let f be 12552/66 + ((-26)/22 - -1). Calculate the highest common factor of 10 and f.
10
Let u be 14/1 + 10 + -11. Suppose -9*n + 8*n = -u. Let a(m) = -m**3 - 3*m**2 - m + 3. Let k be a(-6). Calculate the highest common factor of k and n.
13
Suppose -5*g + 188 = -12. Suppose 4*c + 4*v = g, 0*v = 2*v - 8. What is the greatest common divisor of 18 and c?
6
Let s = -170 + 186. Suppose 2*i - s = 364. What is the highest common divisor of i and 38?
38
Let p be 148/(4 - 0) + 2. Suppose 4*n - 3*x - 43 - 6 = 0, -5*n = -5*x - 60. What is the highest common divisor of n and p?
13
Suppose -9*f + 4*f = -60. Suppose 2*l - 6 = 3*l - 3*q, -2*l - f = 2*q. Let g = -1 - l. What is the greatest common divisor of g and 40?
5
Let y = 3 + 4. Let v = 758 - 730. What is the greatest common factor of y and v?
7
Let s = 2258 - 1368. Calculate the highest common factor of s and 30.
10
Let a be (-2)/4*(-64 + -466). What is the highest common divisor of a and 106?
53
Let x be (-1)/(-3) - 15/(-9). Let b be x - (-5)/(1 - 2). Let j be 1/(146/48 + b). Calculate the highest common divisor of 6 and j.
6
Suppose 5*q + 7 = -3. Let f be q + (-34 - 3) - 1. Let n be (0 + 6/(-8))*f. What is the greatest common factor of n and 20?
10
Suppose -112 = -3347*q + 3345*q. What is the highest common divisor of q and 896?
56
Let w(x) = -2*x + 12. Let k be w(8). Let f be k + (2 - (-2 - 11)). Suppose -f*q + 9*q + 34 = 0. What is the greatest common divisor of 187 and q?
17
Let z(f) = 31*f + 1. Let p(r) = -r**3 - 17*r**2 - 16*r + 1. Let k be p(-16). Let h be z(k). What is the greatest common divisor of 32 and h?
32
Let w = 28 + -17. Suppose -36 = w*h - 13*h. Let y be (-4)/22 + (-303)/(-33). What is the highest common factor of h and y?
9
Let g be (2 - (1 - 0) - -142)/(-1). Let o = g - -255. What is the highest common factor of 14 and o?
14
Suppose 0*a = 2*a + x - 1, -5 = -a - 5*x. Suppose a = 4*y - 231 + 71. What is the highest common divisor of y and 160?
40
Let p be (-1056)/(-15) + 2/(-5). Let m = -61 + p. What is the greatest common factor of 81 and m?
9
Let r = -39 + 67. Let q(n) = 15*n**2 - 4*n + 4. Suppose 2*a - 7*a = -10. Let c be q(a). Calculate the greatest common divisor of c and r.
28
Let q = -85 - -278. Let h = q + -138. What is the highest common divisor of 22 and h?
11
Suppose -35 - 13 = -2*u. Let n = u + -23. Calculate the greatest common factor of 8 and n.
1
Suppose -n = -5*n - 20. Let l be 0 + (n - (3 + -5))*-1. Calculate the highest common divisor of 1 and l.
1
Let i = 25 - -111. What is the greatest common divisor of 17 and i?
17
Let u be 392 - -1 - 12*5/20. Suppose -2*p + 81 = x + 2*x, -4*x - 191 = -5*p. Calculate the highest common divisor of p and u.
39
Suppose 2*j - 720 = 570. What is the greatest common divisor of 15 and j?
15
Let b = 0 - -4. Let f = 1535 + -1534. Calculate the highest common divisor of b and f.
1
Let b = -243 - -256. Calculate the highest common factor of b and 91.
13
Let i be ((-6)/3 + 4)*(-244)/8. Let a = 85 + i. Calculate the greatest common factor of a and 6.
6
Suppose 0 = -5*j + 2*l + 100, 0 = 5*j - 14*l + 18*l - 130. Calculate the greatest common factor of 11 and j.
11
Let z be (-46)/4 + 3/2. Let d = 14 + z. Suppose p = -p + 80. What is the greatest common divisor of d and p?
4
Let c be (1/3)/((-3)/9). Let r be (-1)/(c/(-1)) + 2. Let l = -93 + 103. What is the greatest common factor of r and l?
1
Suppose -j + 86 - 16 = 0. Suppose -4*h - 5*q = -71, -2*h + 5*q + 8 = -5. Calculate the highest common factor of j and h.
14
Suppose 0 = -32*g + 10*g + 484. Calculate the greatest common factor of g and 506.
22
Let s be -2 + (5 - -2)/1. Let f(b) = 6*b**2 + 3*b - 8. Let n be f(3). Calculate the greatest common factor of s and n.
5
Suppose 24*o - 5676 = 12*o. What is the highest common factor of o and 11?
11
Let m be 118 + -6 - (1 + 1). Let l(j) be the second derivative of -2*j**3/3 + j**2 + 4*j. Let s be l(-2). What is the highest common divisor of s and m?
10
Suppose 19*m - 528 + 72 = 0. What is the gr